{"id":5639,"date":"2024-12-26T18:57:43","date_gmt":"2024-12-26T18:57:43","guid":{"rendered":"https:\/\/hierbabuena.fi\/fea\/?page_id=5639"},"modified":"2025-12-17T16:30:23","modified_gmt":"2025-12-17T16:30:23","slug":"hinnat","status":"publish","type":"page","link":"https:\/\/hierbabuena.fi\/fea\/hinnat\/","title":{"rendered":"HINNAT"},"content":{"rendered":"\n<h4 class=\"wp-block-heading\">Yksityistunnit, yksityinen ohjaus ja mentorointi:<\/h4>\n\n\n\n<p>hinnat koskevat flamencotanssitunteja, TRE-ohjausta ja mentorointia\/valmennusta<\/p>\n\n\n\n<ul class=\"wp-block-list\">\n<li>65\u20ac\/60min, online<\/li>\n\n\n\n<li>paketti 3x60min 180\u20ac, online (voimassa 3kk)<\/li>\n\n\n\n<li>l\u00e4hiopetuksessa hintaan tulee lis\u00e4\u00e4 mahdolliset tilavuokrat ja\/tai matkakulut<\/li>\n<\/ul>\n\n\n\n<p>Varaa aikasi yksityistunnille\/-ohjaukseen <strong><a href=\"https:\/\/vello.fi\/hierbabuena\/\">T\u00c4\u00c4LL\u00c4<\/a><\/strong><\/p>\n\n\n\n<p>***<\/p>\n\n\n\n<h4 class=\"wp-block-heading\">Kurssit, onlineviikkotunnit:<\/h4>\n\n\n\n<p>Hinnat vaihtelevat kurssin aiheen ja pituuden mukaan. Ajantasaiset tiedot l\u00f6ytyv\u00e4t sivuilta kurssi- ja viikkotunti-ilmoituksista.<\/p>\n\n\n\n<p><\/p>\n","protected":false},"excerpt":{"rendered":"<p>Yksityistunnit, yksityinen ohjaus ja mentorointi: hinnat koskevat flamencotanssitunteja, TRE-ohjausta ja mentorointia\/valmennusta Varaa aikasi yksityistunnille\/-ohjaukseen T\u00c4\u00c4LL\u00c4 *** Kurssit, onlineviikkotunnit: Hinnat vaihtelevat kurssin aiheen ja pituuden mukaan. Ajantasaiset tiedot l\u00f6ytyv\u00e4t sivuilta kurssi- ja viikkotunti-ilmoituksista.<\/p>\n","protected":false},"author":1,"featured_media":0,"parent":0,"menu_order":0,"comment_status":"closed","ping_status":"closed","template":"","meta":{"footnotes":""},"class_list":["post-5639","page","type-page","status-publish","hentry"],"_links":{"self":[{"href":"https:\/\/hierbabuena.fi\/fea\/wp-json\/wp\/v2\/pages\/5639","targetHints":{"allow":["GET"]}}],"collection":[{"href":"https:\/\/hierbabuena.fi\/fea\/wp-json\/wp\/v2\/pages"}],"about":[{"href":"https:\/\/hierbabuena.fi\/fea\/wp-json\/wp\/v2\/types\/page"}],"author":[{"embeddable":true,"href":"https:\/\/hierbabuena.fi\/fea\/wp-json\/wp\/v2\/users\/1"}],"replies":[{"embeddable":true,"href":"https:\/\/hierbabuena.fi\/fea\/wp-json\/wp\/v2\/comments?post=5639"}],"version-history":[{"count":21,"href":"https:\/\/hierbabuena.fi\/fea\/wp-json\/wp\/v2\/pages\/5639\/revisions"}],"predecessor-version":[{"id":6176,"href":"https:\/\/hierbabuena.fi\/fea\/wp-json\/wp\/v2\/pages\/5639\/revisions\/6176"}],"wp:attachment":[{"href":"https:\/\/hierbabuena.fi\/fea\/wp-json\/wp\/v2\/media?parent=5639"}],"curies":[{"name":"wp","href":"https:\/\/api.w.org\/{rel}","templated":true}]}}